{"id":26,"date":"2012-02-29T21:17:06","date_gmt":"2012-02-29T20:17:06","guid":{"rendered":"http:\/\/heger-schulungen.de\/?page_id=26"},"modified":"2012-04-01T20:23:51","modified_gmt":"2012-04-01T18:23:51","slug":"kontakt","status":"publish","type":"page","link":"https:\/\/heger-schulungen.de\/?page_id=26","title":{"rendered":"Kontakt"},"content":{"rendered":"<p><strong>HEGER &#8211; Schulungen f\u00fcr<\/strong><br \/>\n<strong> Brandschutz und Pr\u00e4sentation<\/strong><br \/>\nHeb\u00fcnte 12<br \/>\n32457 Porta Westfalica<br \/>\nTel. 0571 \/ 75 649<br \/>\nFax 0571 \/ 75 731<br \/>\nMobil 0177 &#8211; 25 98 947<br \/>\nmail [at] heger [minus] schulungen [punkt] de<br \/>\nwww.heger-schulungen.de<\/p>\n<p><tt><div id=\"zcmail\"><form action=\"\" method=\"post\"><fieldset><input type=\"text\" size=\"40\" name=\"zcmail[name]\" value=\"Ihr Name\" onfocus=\"if(this.value=='Ihr Name'){this.value=''};\"  onblur=\"if(this.value==''){this.value='Ihr Name'}\"  class=\"zcmail_text\" \/><input type=\"text\" size=\"40\" name=\"zcmail[from]\" value=\"Ihre E-Mail\" onfocus=\"if(this.value=='Ihre E-Mail'){this.value=''};\"  onblur=\"if(this.value==''){this.value='Ihre E-Mail'}\"  class=\"zcmail_text\" \/><input type=\"text\" size=\"40\" name=\"zcmail[subject]\" value=\"Betreff\" onfocus=\"if(this.value=='Betreff'){this.value=''};\"  onblur=\"if(this.value==''){this.value='Betreff'}\"  class=\"zcmail_text\" \/><textarea rows=\"10\" cols=\"50\" name=\"zcmail[body]\" class=\"zcmail_textarea\"  onfocus=\"if(this.value=='Ihre Nachricht'){this.value=''};\"  onblur=\"if(this.value==''){this.value='Ihre Nachricht'}\" >Ihre Nachricht<\/textarea>\n<input type=\"submit\" id=\"submit\" value=\"Nachricht senden\" class=\"zcmail_submit\" \/>\n<input type=\"text\" name=\"zcmail[honeypot]\" value=\"\" style=\"display:none;\" \/><\/fieldset><\/form><\/div><\/tt><\/p>\n<p><strong>Grafik &#038; Design<\/strong><br \/>\nAiga Kornemann<br \/>\naiga [punkt] kornemann [at] web [punkt] de<br \/>\n&nbsp;<br \/>\n<strong>Homepage, technische Umsetzung &amp; Administration<\/strong><br \/>\nBenjamin Hansing<br \/>\nmail [at] benjaminhansing [punkt] de<\/p>\n","protected":false},"excerpt":{"rendered":"<p>HEGER &#8211; Schulungen f\u00fcr Brandschutz und Pr\u00e4sentation Heb\u00fcnte 12 32457 Porta Westfalica Tel. 0571 \/ 75 649 Fax 0571 \/ 75 731 Mobil 0177 &#8211; 25 98 947 mail [at] heger [minus] schulungen [punkt] de www.heger-schulungen.de Grafik &#038; Design Aiga Kornemann aiga [punkt] kornemann [at] web [punkt] de &nbsp; Homepage, technische Umsetzung &amp; Administration Benjamin &hellip; <\/p>\n<p><a class=\"more-link btn\" href=\"https:\/\/heger-schulungen.de\/?page_id=26\">Weiterlesen<\/a><\/p>\n","protected":false},"author":2,"featured_media":0,"parent":0,"menu_order":60,"comment_status":"open","ping_status":"open","template":"","meta":[],"_links":{"self":[{"href":"https:\/\/heger-schulungen.de\/index.php?rest_route=\/wp\/v2\/pages\/26"}],"collection":[{"href":"https:\/\/heger-schulungen.de\/index.php?rest_route=\/wp\/v2\/pages"}],"about":[{"href":"https:\/\/heger-schulungen.de\/index.php?rest_route=\/wp\/v2\/types\/page"}],"author":[{"embeddable":true,"href":"https:\/\/heger-schulungen.de\/index.php?rest_route=\/wp\/v2\/users\/2"}],"replies":[{"embeddable":true,"href":"https:\/\/heger-schulungen.de\/index.php?rest_route=%2Fwp%2Fv2%2Fcomments&post=26"}],"version-history":[{"count":11,"href":"https:\/\/heger-schulungen.de\/index.php?rest_route=\/wp\/v2\/pages\/26\/revisions"}],"predecessor-version":[{"id":206,"href":"https:\/\/heger-schulungen.de\/index.php?rest_route=\/wp\/v2\/pages\/26\/revisions\/206"}],"wp:attachment":[{"href":"https:\/\/heger-schulungen.de\/index.php?rest_route=%2Fwp%2Fv2%2Fmedia&parent=26"}],"curies":[{"name":"wp","href":"https:\/\/api.w.org\/{rel}","templated":true}]}}